3/1*((-200)/12 + 2). Let c = a - -9. Let o = 116 + c. What is the units digit of o?
1
Let u be (-24)/(-28)*(-2926)/(-57). Suppose -4*g + 0 + 16 = 0. Let o = u - g. What is the units digit of o?
0
Suppose 5*z + 3*k + 12120 = 261493, 0 = -7*z + 3*k + 349151. What is the tens digit of z?
7
Suppose -4*y = 5*a + 130, 2*y = -0*a + 4*a + 130. Let o be -1 + (1 - a/(-9))*-9. What is the units digit of 2/(o/(-645))*4/(-3)?
6
Let s(d) = -d + 2. Let y be s(-5). Let o be (2 - 2)/(y + -9). What is the tens digit of -1 + o - (-83 + -7)?
8
Suppose -28*l = -19*l - 18522. Suppose -13*n = -1842 - l. What is the tens digit of n?
0
Let z be 8 + (-374)/85 + 3/(-5). Suppose -13026 = -z*d - 23*d. What is the units digit of d?
1
Suppose 0 = 2*s + y + 1, 7*y - 4*y = 5*s - 3. What is the units digit of (s + -1*63)/(27/(-108))?
2
What is the hundreds digit of 1694464/112 - (-22)/(-154)?
1
Let z(b) = b**3 - 9*b**2 - 29*b - 22. Let v be z(9). Let c = 477 + v. What is the tens digit of c?
9
Let p(w) = -27*w + 39*w + 24*w**3 - 26*w + 2 + 0. What is the tens digit of p(3)?
0
Let o be 6 - ((-1)/(-2) + (-54)/(-36)). Suppose 1327 = o*k + b, 343 = k - 2*b + 6*b. What is the units digit of k?
1
Let x(d) be the first derivative of -37 + d**2 + 1/3*d**3 + 2*d - 161/4*d**4. What is the units digit of x(-1)?
2
Let a = 22 + -7. Let w be 838/12 - 13/(-78). Suppose d - a = w. What is the units digit of d?
5
Suppose -20 = 3*w - 8*w. Suppose 0 = -27*u + 22*u + 20. Suppose 5*q + 595 = 4*d, 8 = -w*q - u. What is the units digit of d?
5
Let d(h) = -h - 1. Let b(n) = 8 + 5 + 2 + 0 - 33*n. Let a(t) = -b(t) - 4*d(t). What is the units digit of a(4)?
7
What is the hundreds digit of (190/(-8) - -2)/(264/(-391776))?
2
Let s(x) = 6*x**2 - 4*x + 19. Let p be s(6). Suppose 210 = z - p. What is the tens digit of z?
2
Suppose -h + 726 = -362. Suppose -h + 110 = -2*k. What is the tens digit of k?
8
Let o = 3437 + -2329. Suppose -4*j = -5*k + 5483, -4*k - o = -5*k - 3*j. Suppose 11*s - 4*s = k. What is the hundreds digit of s?
1
Suppose 4*k - d + 32 = 0, 0 = 5*k - 9*k - d - 40. Let n = 210 + k. What is the units digit of n?
1
Let b be (10 + -480)*((-8)/10 + 0). Suppose h - 2*l + 0*l = b, 2*h - 766 = -3*l. What is the hundreds digit of h?
3
Let s = 13 - 12. Let g be (-24)/s - 1 - 2. Let n = -5 - g. What is the tens digit of n?
2
Let w(k) = 3*k + 32. Let o be w(-8). Suppose 0 = o*q - 466 - 126. What is the tens digit of q?
7
Suppose -5*z - 4*d + 3780 = d, 2*z - 1512 = 2*d. Suppose -2*o + z = -5*t, 8*t - 4*t - 1824 = -5*o. What is the units digit of o?
8
Suppose -4*r + 6157 = -d, r - 4*d - 689 - 839 = 0. What is the units digit of r/4 - (15 - 8)?
8
Suppose -87016 = -18*k + 13*k - 4*i, -4*i = -5*k + 86984. What is the units digit of k?
0
Let r(t) = -t**3 - 5*t**2 + 5. Let n be r(-5). Suppose -7 = n*m - 12. Suppose 0*k - m = -k - 4*p, -4 = -k - 3*p. What is the tens digit of k?
1
Let y be 8 + -3 + -9 + 110. Suppose 0 = 2*b - 26 + 132. Let q = b + y. What is the units digit of q?
3
Suppose -3*j - b + 181 = 2*j, j - 34 = 2*b. What is the tens digit of (12/j)/(3/405)?
4
What is the hundreds digit of (-2589*4/(-24))/(-5 - (-648)/128)?
9
Suppose 3*k + 5*n - 39 = 0, -2*k + 3*n = -16 - 10. Let j(u) = 3*u**2 - 13*u - 80. What is the tens digit of j(k)?
5
What is the hundreds digit of 16 + 7254 + -21 + (5 - 1)?
2
Let a(k) = k**3 + 50*k**2 + 69*k + 437. What is the thousands digit of a(-43)?
0
Suppose 37*p + 62*p - 475101 = 0. What is the thousands digit of p?
4
Suppose 210 = 4*j + 66. Let u = j + 409. What is the units digit of u?
5
Suppose 8*t - 124 = -92. Suppose -2257 = -3*v - u, -5*v + t*u + 219 = -3537. What is the tens digit of v?
5
Let k(t) = t**3 + 4*t. Let i(o) = 2*o**3 - o**2 + 7*o. Let j(a) = -3*i(a) + 5*k(a). Let f be j(2). What is the tens digit of (6 + f)/(1 + 31/(-33))?
3
Suppose 5*b = -4*n + 34210, -62*n - 34174 = -66*n + b. What is the units digit of n?
5
Suppose -4308 + 334 = -3*j - 4*g, 5*g = 3*j - 3983. Suppose 47*i - 53*i - j = 0. Let r = -107 - i. What is the units digit of r?
4
Let r(o) = 42*o**2 - 54*o - 463. What is the units digit of r(-10)?
7
Suppose -m - 9 = m + o, -5*m - 4*o = 30. Let c(d) = -172*d - 9. What is the units digit of c(m)?
5
Let o = -765 + 37. Let x = -466 - o. What is the units digit of (-5)/(-20) + x/8?
3
Let w be 6*38*(-3)/(-6). Let y = 60 - w. Let g = 117 + y. What is the units digit of g?
3
Suppose u = 3*u + 4*c - 24, 0 = -5*u + 3*c - 5. Let d = 5 - 1. Suppose 2*r = -d*f + 148, u*f + 13 = 3*r - 217. What is the tens digit of r?
7
Let x(n) = 258*n - 2013. What is the hundreds digit of x(70)?
0
Let h be (688 + 2)/(3/3). Suppose 102*a - 107*a = -h. Suppose -a = -46*o + 40*o. What is the tens digit of o?
2
Suppose 48*v - 53*v = -40. Suppose -n = -4*l + 19 + 40, -3*l + 28 = -4*n. Suppose l = 9*q - v*q. What is the tens digit of q?
1
Let a be 11951/(-57) + (-2)/6. Let y = -65 - a. What is the units digit of y?
5
Let j(s) = 3*s**2 - 5*s**2 - s**2 + 10*s + 2 + 2*s**2. Let h(d) = -13*d + 7. Let f be h(0). What is the tens digit of j(f)?
2
Let x(i) = -i**3 - 6*i**2 - 7*i - 3. Let b be x(-5). Suppose b*t = -2053 + 4944. What is the tens digit of t?
1
Suppose 3777 = 4*d - 727. What is the thousands digit of d?
1
Let u be (-57291)/(-9) + -5 + (-4)/6. What is the tens digit of ((16/(-3))/(-4))/(20/u)?
2
What is the hundreds digit of (-6 - -3)*((-85826)/6 - (-388)/97)?
9
Suppose -3*p + 2*p - 2*o + 495 = 0, 3*p = -o + 1470. Let b = p - -118. What is the tens digit of b?
0
Let b(n) = 143*n + 2. Let z be b(2). Suppose 0 = 289*a - z*a - 805. What is the tens digit of a?
0
Let y(t) = -15*t - 14 + 49 + 3*t + 7*t + 8*t. Let c = 10 - -6. What is the tens digit of y(c)?
8
Let p(j) = 5*j + 870. Let l be p(0). Let x = -148 + l. What is the units digit of x?
2
Let f = 5 - -68. Suppose 9*l - f - 890 = 0. What is the tens digit of l?
0
Suppose -5*y - 15 = 0, 4*d = -12*y + 8*y + 56124. What is the ten thousands digit of d?
1
Suppose b - 1209 = -3*f, -7*b + 9*b = -2*f + 2434. Suppose 0 = 2*m - 1981 - b. What is the hundreds digit of m?
6
What is the thousands digit of 360/(-16)*(-490)/5?
2
Let j be (-4 - 31)*96/(-2). Let t = -1158 + j. What is the tens digit of t?
2
Suppose 2*i = -6, -22*r = -20*r - 4*i - 6. Let m(t) = -t**3 - 2*t**2 + 4*t + 12. What is the units digit of m(r)?
9
Let x(j) = j**3 - 5*j**2 + 8*j - 13. Let w be x(4). Let i(r) = 284*r - 96. What is the units digit of i(w)?
6
Let d(a) = 11*a - 2. Let y be d(2). Let b(p) = 2*p**3 - 98*p**2 + 106*p - 112. Let s be b(48). Suppose -y - s = -4*i. What is the tens digit of i?
9
Let j be (26 + -20)*(-6)/4. What is the tens digit of 14337/13 - ((-36)/(-26))/j?
0
Let m(h) be the third derivative of 1/10*h**5 + 16*h**2 - 1/6*h**3 + 5/24*h**4 + 0 + 0*h. What is the units digit of m(-3)?
8
Let h(z) = z**3 + 1. Let q(y) = 7*y**3 - 2*y**2 + 5*y + 587. Let m(t) = -6*h(t) + q(t). What is the units digit of m(0)?
1
Suppose 5*l + 10*l - 10575 = 0. Let f = -325 + l. What is the units digit of f?
0
Let v = -85 - -13. Let r = v + 69. What is the hundreds digit of (1 - (r + 1)) + -2 + 188?
1
Suppose 48 = -4*t + 8. Let s be (-13)/(t/15 - -1). What is the hundreds digit of (-3384)/(-26) - (-6)/s?
1
Let p = -2711 - -8456. What is the tens digit of p?
4
What is the hundreds digit of -4*(-13 + 549)/(-4)?
5
Suppose -5*j + 6*j = -3*l + 394, -4*l = 0. What is the hundreds digit of 100/(-20) + 2 + j?
3
Let i(d) = 35*d + 85*d**2 + 335*d**2 - 34 + 271*d**2 + 26*d**2. What is the tens digit of i(1)?
1
Let g(k) = -k**2 + 5*k + 9. Let c be g(6). Suppose 3*f + 4*b = 1087, -f - 2*b = -c*f + 720. Let h = f - 210. What is the tens digit of h?
5
Let o(q) = 2*q**3 + 10*q**2 - q - 6. Suppose -3*b = -2*x - 1, 0 = -2*x + 4*x - b + 7. Let l be o(x). Let k = 55 - l. What is the tens digit of k?
5
Suppose 0 = 3*y + y - u - 165, 0 = -4*y - 4*u + 160. Suppose -y*a + 40*a = -38. What is the tens digit of a?
3
Let f = -15 + 53. Let u = 38 - f. Suppose u = x + b + b - 9, 3*x - 42 = -3*b. What is the units digit of x?
9
Suppose -5*u - 136 = 2*v, -3*u = 3*v - u + 204. Let y be v/(-1) - ((-6)/6 - 2). Suppose 5*h + 165 = 5*w, 3*w - 4*h = y + 28. What is the tens digit of w?
3
What is the hundreds digit of (-20105435)/(-137)*(-2)/(-10)?
3
Let r = 6 + -3. Suppose -r*k + 60 = 51. What is the uni